common factor of r and 18.
2
Let n(y) = y**3 - 5*y**2 + y + 1. Let b be n(5). Let q = -3 + b. Calculate the greatest common factor of q and 33.
3
Suppose 310 = -w + 6*w. Let g(r) = -r**3 - 2*r + 434. Let n be g(0). Calculate the highest common divisor of n and w.
62
Let h be 120/(-9)*(-1 - 1 - 1). Let d = 50 - h. What is the greatest common divisor of 40 and d?
10
Suppose 0*s = -6*s. Suppose 3*j - l - 41 = s, 2*l = j - l - 3. What is the highest common factor of j and 15?
15
Let c(b) = b**3 + 4*b**2 - b - 4. Let j be c(-4). Let l be ((-9)/2)/((-1)/8). Suppose 4*k - l - 4 = j. What is the highest common factor of k and 10?
10
Let g be 16/(-72) - 22/(-18). Let l be (-7)/(-4)*g*4. Suppose -3*m + 179 = -2*i, i = 3*i - 10. What is the highest common divisor of m and l?
7
Let g(q) = 8*q + 3*q**2 - 4*q**2 + 8 + 3*q**2. Let t be g(-9). What is the greatest common divisor of t and 14?
14
Suppose 5 = -3*i + x - 9, 2*i - 3*x + 21 = 0. Let v be 3/i*0/5. Suppose -4*o - 4*p = -0*o - 540, v = -p - 1. What is the highest common divisor of o and 17?
17
Suppose 3*a = -5*a + 16. Let u(y) = -y + 3. Let t be u(a). Let k(h) = 3*h**2 + h - 1. Let i be k(t). What is the greatest common divisor of i and 12?
3
Let j(i) = -i**2 - 25*i + 32. Let k be j(-20). What is the greatest common factor of k and 3036?
132
Suppose -5*c + 4*o - 5 = -99, -100 = -4*c - 3*o. Suppose 28 = 23*u - c*u. Calculate the greatest common factor of 7 and u.
7
Suppose 4*a + 144 = 2*i + 2*i, i + 5*a - 60 = 0. Let m = 599 + -579. Calculate the highest common factor of i and m.
20
Let n be (-2)/(-8) + (-1518)/(-8). Suppose n - 541 = -3*c. Suppose -5*x - 36 = -2*a, a - 11*x - 23 = -6*x. Calculate the highest common factor of c and a.
13
Suppose -2*f + 138 = 21*f. Calculate the greatest common factor of f and 33.
3
Let n = 16 - -29. Suppose -4*z - 2*v = -3*z - 11, 4*z - 3*v = 66. What is the highest common factor of n and z?
15
Let f(o) = 9*o + 29. Let q be f(-3). Suppose 2*h - 36 = h - q*a, 0 = -h + 2*a + 20. Calculate the greatest common divisor of 42 and h.
14
Let c = -75 - -77. Suppose 2*a - 230 = -c*n, -2*a = a - 3*n - 357. What is the highest common factor of 13 and a?
13
Let g(f) = f**2 - 6. Let r be g(-6). Let t be (200/r)/((-4)/(-6)). Suppose t = 2*y, -6*u + 5*y + 325 = -u. Calculate the highest common divisor of u and 28.
14
Let l be 3/9*6 + -2 + 17. What is the highest common factor of l and 459?
17
Let j be (141/(-9) + 4)*-3. Let s(z) = 2*z**2 - 9*z - 56. Let b be s(-7). Calculate the highest common factor of j and b.
35
Let b(r) = 18*r**3 - 4*r**2 - 4*r + 5. Let m = -89 + 91. Let y be b(m). What is the highest common divisor of y and 25?
25
Suppose 3*h - 5*w = 7*h + 80, -h = -5*w - 5. Let l be ((-2)/(-2))/(h/(-240)). Calculate the greatest common factor of l and 2.
2
Let v = 53 + -54. Let j be (-8 + 349)/(v - -2). Calculate the highest common divisor of 31 and j.
31
Let r = -1 + 3. Suppose y = r*y + 4*g - 18, 2*y = 5*g - 16. Suppose 0 = y*w - 2*h - 30, w + 2 = 5*h + 33. What is the greatest common divisor of w and 55?
11
Let l(j) = -7*j. Let u be l(-1). Suppose 3*z - 10 = z. Suppose z*p - 4*p - u = 0. What is the greatest common factor of 28 and p?
7
Suppose -2*g + 4 = 2*g. Let y be 220/(-25) + 4/(-20). Let t be -2*9/y*(-2)/(-4). Calculate the greatest common factor of g and t.
1
Let x be 7/(-21)*-18 + 21. Calculate the highest common factor of 9 and x.
9
Let f = -148 - -158. Let s be (6 - 2)/2 - -3. What is the greatest common factor of s and f?
5
Let a(d) = 6*d**3 - 3*d**2 - 2*d + 1. Let n be a(-2). Let k be n*5/(-25)*7. Calculate the greatest common divisor of 7 and k.
7
Let p = 7 - 5. Suppose -p*j - 9 = -3*j. What is the highest common factor of 3 and j?
3
Let f be (44/(-12))/((-6)/54). What is the highest common divisor of 3 and f?
3
Let f(c) = -2*c**2 + c + 3. Let p be f(-4). Let y = p - -53. What is the greatest common divisor of y and 50?
10
Suppose 0 = 10*c - 1412 - 3988. What is the highest common divisor of 9 and c?
9
Let c = 69 + -39. Let a be 0/1 + -1 + c. Let n = -321 - -466. Calculate the highest common factor of a and n.
29
Let a be (-416)/26*((-1)/(-1) + -4). What is the greatest common factor of a and 744?
24
Suppose 297*y = 300*y - 144. Calculate the greatest common factor of y and 264.
24
Suppose -2*m + 48 = 3*m - 2*x, -4*x - 6 = -m. Let w be (-36)/(-60) + (-144)/(-10). Calculate the greatest common factor of w and m.
5
Let g(m) be the second derivative of -m**4/12 + 13*m**3/6 + 10*m**2 - 15*m. Let a be g(9). Calculate the highest common divisor of a and 7.
7
Suppose 8 = -5*c - 5*s + 43, -5*s + 20 = 0. Suppose -c*w - w = -4. Let o be 33 - (w - (-2)/2). What is the greatest common divisor of o and 124?
31
Let i be 2/1 + -1 - 1. Suppose 5*z - 42 - 48 = i. Let b be (-10 + -1)*36/(-66). Calculate the highest common factor of z and b.
6
Let t be (-20)/(-9) + 24/(-108). Suppose -16 + t = -a. Suppose 0 = -5*h + a + 6. Calculate the greatest common factor of h and 32.
4
Let x = 1026 + -966. What is the highest common divisor of 1380 and x?
60
Let c = -28 + 16. Let l be (c/10)/(2/(-5)). Suppose -l*w - w + 362 = 5*h, 3*w = 4*h - 271. What is the greatest common factor of 28 and h?
14
Suppose 0 = 4*f - i + 2 - 0, -2*i + 4 = f. Let w be 2 + 138*1 - f. Calculate the highest common divisor of w and 20.
20
Suppose 18*r - 25 = 137. Calculate the greatest common factor of r and 270.
9
Let s(k) = 17*k**2 + k. Let x be s(1). Let b = x + -16. Suppose 4*o - 4*c - 40 = 0, 4*o + b*c - 20 = 8. What is the highest common divisor of 4 and o?
4
Let l(r) = r**2 - 2*r + 1. Let z be l(3). Suppose 2*q - q = -4*t, -z*t = -5*q - 24. Suppose t = 5*d - 14. Calculate the greatest common divisor of 6 and d.
3
Suppose -5*b - 49*j + 46*j + 365 = 0, -25 = 5*j. Calculate the highest common factor of b and 19.
19
Let w = 104 - 54. Let f = w + -27. Let s = -8 + f. Calculate the highest common divisor of s and 10.
5
Let m = -946 - -947. Suppose -3*r + 1 = 5*c - 12, 0 = 4*c - 4*r - 4. Calculate the highest common factor of m and c.
1
Let h(a) = -3*a**3 + 7*a**2 - 10*a - 1. Let o(p) = p**3 + p + 1. Let d(l) = h(l) + 4*o(l). Let j be d(-7). What is the highest common divisor of 15 and j?
15
Let n(q) be the first derivative of -q**4/4 + q**3/3 + q**2/2 - q - 3. Let v be n(1). Suppose v = m + 2*m - 57. What is the highest common factor of 209 and m?
19
Suppose -17*y + 4*f - 350 = -18*y, 0 = -4*y + 4*f + 1400. Calculate the greatest common factor of y and 35.
35
Suppose 43 = 3*q - 41. Suppose 102*k + q = 106*k. Calculate the highest common divisor of 7 and k.
7
Let c be 304/171 - (-2)/9. Suppose -3 = p + c*i, -2*i = -p - i. Let q be 9/(4*p/(-28)). Calculate the greatest common factor of 9 and q.
9
Let q be 40/60 - 26/(-6). Suppose 2*v = 4*k + 3*v - 39, q = -5*v. What is the greatest common factor of k and 4?
2
Suppose -170 = -i - i. Suppose 0 = 5*s, -3 = -5*c - 5*s - 8. Let l be 7 + -4 - (33*c - -2). What is the greatest common divisor of i and l?
17
Suppose -2*u = 3*f - 191, 197 = 2*u - 0*u + f. What is the greatest common divisor of u and 50?
50
Suppose 48 = 3*r + 8*y - 11*y, -3*y = 3*r - 60. What is the highest common factor of r and 21?
3
Suppose 3*q = 6*q + 3*k + 9, 9 = -2*q - 3*k. Let d be 486/9 - (q - 0). What is the highest common divisor of 90 and d?
18
Let j(v) = 26*v - 585. Let q be j(23). What is the highest common factor of 351 and q?
13
Let q be 18/(-63) + (-468)/(-21). Suppose h = 6*h + 10. Let f be (-2)/(-4)*h + 155. Calculate the highest common divisor of q and f.
22
Let s(n) be the first derivative of -n + 5 + n**3 + 3/2*n**2. Let d be s(3). What is the greatest common divisor of 7 and d?
7
Let d = -11 - -16. Suppose -22*h = 7*h - 145. What is the greatest common divisor of d and h?
5
Let n = -506 - -734. Suppose -2*d + 2*k = d - n, -k - 75 = -d. Let j = -89 - -141. Calculate the highest common factor of j and d.
26
Suppose -3*p + w + 300 = 0, -28*p + 5*w = -32*p + 400. What is the greatest common factor of p and 80?
20
Let p = 1273 - 1245. What is the greatest common divisor of 322 and p?
14
Suppose 75 = -3*b + 8*b. Let t = b + -15. Let j(n) = n**3 + 6. Let v be j(t). What is the highest common divisor of v and 30?
6
Let y be 2/3*(2 - 5). Let d be 1*(-18)/(y - 1). Let v = 11 - 5. Calculate the h